-x. Let i(r) = 5*r**2 + 3*r. Let c be i(v). Calculate the greatest common divisor of h and c.
14
Let a = 63 - 28. What is the greatest common factor of a and 7?
7
Let j be 0 + 4 - (-1 - -1). Let s be (-2)/j + (-91)/14. Let m(p) = p**2 + 6*p + 2. Let u be m(s). What is the greatest common factor of u and 81?
9
Let r = 12 + -12. Let l be (32*2)/4 - r. Calculate the greatest common divisor of l and 8.
8
Let j be 2 + -4 + 0 + 15. Let v be ((-3)/(-9))/(3/(-63)). Let z = v - -20. Calculate the greatest common divisor of z and j.
13
Suppose v - 4*u + 9 = 0, -v + 9 = -u + 3. Let k be (28/(-48) - 3/(-12))*-33. What is the greatest common divisor of v and k?
11
Let f be (-4)/(-22) - (-19)/(1672/5616). Let u = 27 + -19. Calculate the highest common factor of u and f.
8
Let g be (-1 + -17)/(21/(-14) - 0). Let h(y) = -9*y + 3. Let o be h(-5). What is the greatest common factor of g and o?
12
Let b be (-13*1)/(1/(-2)). What is the greatest common factor of b and 182?
26
Suppose m + 0*m = 1. Suppose -m = -4*r + 7. Suppose -26 = -2*a + 18. What is the greatest common divisor of a and r?
2
Let p be 4/26 + 626/(-13). Let j = 60 - p. Calculate the greatest common divisor of 12 and j.
12
Let h = 10 - 7. Suppose -2*x = h*x - 30. Suppose -u + x*u - 60 = 0. Calculate the highest common factor of u and 96.
12
Let w be (4/(-8))/(4/(-48)). What is the greatest common divisor of 12 and w?
6
Suppose 15*t - 16*t = -33. What is the highest common divisor of 22 and t?
11
Let d = -6 + 10. Suppose -5*u - 117 = -3*l, 0 = -d*u - 0 + 12. Suppose -19 - l = -m. Calculate the highest common divisor of 9 and m.
9
Suppose 0 = k + 3*c - 20, 4*k - c + 20 = 7*k. What is the highest common factor of k and 1?
1
Suppose g = -0*g - k - 5, 0 = 5*k + 25. Let p(u) = -u + u - u + g. Let m be p(-5). What is the greatest common divisor of 40 and m?
5
Let j = -21 - -81. Calculate the highest common factor of j and 12.
12
Let m = 0 + 16. What is the highest common divisor of 112 and m?
16
Let k(y) = 2*y**2 - 6*y - 8. Let u be k(6). Calculate the greatest common divisor of 14 and u.
14
Let j be 1*2*(246 - 0). Let v = j - 340. Let t = -107 + v. Calculate the greatest common factor of 9 and t.
9
Let z(g) = -2 + 7 - 3*g - 1. Let b be z(-6). What is the greatest common factor of b and 11?
11
Let u = -5 + 3. Let m be 10/2 - 6/u. Suppose -m = -2*o + 10. Calculate the highest common divisor of 6 and o.
3
Let z be 10/55 - (-62)/22. Suppose 0 = -z*o + 2*o + 44. What is the greatest common factor of 4 and o?
4
Suppose 0 = h - 3*h + 24. Suppose 2*u = u + h. What is the highest common factor of u and 6?
6
Let h(y) = -y**3 - 11*y**2 - 10*y + 7. Let r be h(-10). Let l = r - -18. Calculate the highest common factor of 10 and l.
5
Let y = 22 - 16. What is the highest common factor of 1 and y?
1
Let g(u) = -9*u. Let a(w) = w**3 + 6*w**2 - 4. Let f be a(-6). Let t be (1 + f)*6/9. Let p be g(t). What is the greatest common factor of 27 and p?
9
Let r = 4 + 1. Suppose 4*v = -4*h + 35 - 3, 0 = -5*h + r*v. Calculate the highest common divisor of h and 12.
4
Let m(u) = 15*u - 8. Let j(w) = -w + 1. Let c(p) = -j(p) + m(p). Let f be c(8). Calculate the greatest common factor of f and 17.
17
Suppose q + 52 = 3*q. What is the highest common divisor of 13 and q?
13
Suppose -3*f = -f - 30. Calculate the highest common factor of 120 and f.
15
Let a be (5 + -28)*(-2 - -1). Let o = a - 1. Let s = 2 - 0. What is the greatest common factor of o and s?
2
Suppose -5*j + 4*j + 3 = 0. Let g be (-124)/(-12) + 2/j. Calculate the greatest common divisor of g and 121.
11
Let i(l) = l**2 - 2. Let o be i(2). Suppose 30 + 6 = o*w. Calculate the highest common divisor of 9 and w.
9
Suppose 0 = -10*c + 6*c + 1508. Calculate the greatest common divisor of c and 13.
13
Let k be (-6)/4*(-300)/9. Suppose -2*u = -5*a + 78, -3*u + 8 = 5*a - k. What is the highest common factor of a and 70?
14
Suppose 6*r - 83 = 61. Let z(q) = -q - 6. Let s be z(-6). Suppose s = -y - y + 6. What is the greatest common factor of r and y?
3
Let d = 2 + -2. Suppose 3*t - 4*x + 59 - 218 = d, 2*t - 5*x - 113 = 0. Suppose 0 = -2*k + 7*k - 35. Calculate the greatest common divisor of t and k.
7
Let r be 1 - (2 - 1) - -2. Let b be 1 - -2 - (r - 2). Suppose -b*s + 275 = -5*z + z, 2*s - 4*z = 190. Calculate the highest common factor of 34 and s.
17
Let j = 9 - 2. Suppose 3*g + 5 = -3*z + 14, -4*g = -4*z + 4. What is the highest common factor of g and j?
1
Let p = 15 + -24. Let x be 2/3 + (-86)/(-6). Let u = x + p. What is the greatest common factor of 9 and u?
3
Let f be 2 + (0 - (2 + -1)). Let d be f - 2*(-3)/2. Suppose 5*v + 4*o - 43 = 3*o, 26 = 2*v - d*o. What is the greatest common factor of v and 9?
9
Let g(y) = 10*y**2 - 2*y + 2. Let c be g(1). Calculate the greatest common factor of c and 110.
10
Let k = -2 - 14. Let p = k + 25. Let f = -3 + 6. Calculate the greatest common divisor of f and p.
3
Let l(j) = -j**3 + 3*j**2 + 7*j - 6. Let x be l(4). Suppose u - 2*g = -6, -5*u - g + 30 = 4*g. What is the greatest common divisor of x and u?
2
Let b be (-2 - -1) + 2 + 2. Suppose 0 = -k + b*k - 70. Suppose -3*w + k = 2*w. Calculate the highest common divisor of w and 35.
7
Suppose -3*x + 167 = -4. Let t = x + 33. Let f be (-3)/6 - (-21)/2. Calculate the greatest common divisor of t and f.
10
Let s be (-7)/((-28)/40)*5. Calculate the greatest common divisor of s and 450.
50
Let u = 11 + -7. Let f be (-12 - -2)*(-18)/u. What is the greatest common divisor of f and 9?
9
Let w(c) be the second derivative of -1/20*c**5 - 11/6*c**3 + 0 - 4*c**2 - c - 11/12*c**4. Let u be w(-10). Calculate the highest common divisor of u and 8.
2
Let t be ((-12)/(-7))/(4/2786). Let m be t/33 - 4/22. What is the highest common divisor of m and 12?
12
Let f be (1*-1)/((-1)/4). Suppose f*b - 50 = -b. Calculate the highest common factor of b and 10.
10
Let n(j) = 11*j + 1. Let q be n(1). Suppose -9*s = -293 - 463. What is the greatest common factor of s and q?
12
Let i = 1 - 7. Let l = 3 + i. Let p be ((-6)/8)/(l/12). What is the highest common factor of 9 and p?
3
Let k = -18 + 58. Calculate the greatest common divisor of 10 and k.
10
Let c(b) = -b**3 + b**2 + 21. Let m be c(0). Let q(i) = -i**2 + 11*i - 4. Let j be q(9). Calculate the highest common factor of m and j.
7
Let h = -215 + 351. Calculate the highest common divisor of 17 and h.
17
Suppose 0 = -2*k - 10, h = -3*k + k - 7. What is the highest common factor of 15 and h?
3
Suppose -5*w + 4*o = -95 - 465, -3*w = o - 319. Let p = -2 + 14. What is the highest common factor of p and w?
12
Suppose 0*v = -4*v + 72. Let o(x) = -5*x + 10. Let s be o(3). Let z be -1 + s/((-20)/12). Calculate the highest common factor of v and z.
2
Suppose 5*l - 3*i - 47 = 0, -5*l + 2*i = -2*i - 51. What is the highest common factor of 21 and l?
7
Let r(i) = -27*i - 5. Let o be r(-2). Let n = -33 + o. Calculate the highest common factor of n and 160.
16
Let l(a) = 30*a. Let c be l(1). Suppose -6*w = -w. Suppose w*v = v - 20. What is the highest common divisor of c and v?
10
Let i be ((-6)/8)/((-6)/4224). Let r be (18/(-8))/((-18)/i). What is the greatest common divisor of r and 11?
11
Suppose 5*q + 2*k = 75, -q = -6*k + 2*k - 37. Let p be (3/2)/(4/272). Let v be (-6)/((-4)/p + 0). What is the greatest common divisor of q and v?
17
Let g(d) = -d**2 - 8*d - 5. Let k(b) = -3*b. Let w be k(-1). Suppose 0 = w*i - 8 + 23. Let z be g(i). What is the greatest common factor of 50 and z?
10
Let q(o) = o + 9. Let c be q(-4). Suppose -2*b = b - 3, -2*b + 327 = c*g. Let m = -5 + 18. Calculate the highest common factor of g and m.
13
Suppose 2*m + 18 = 4*j, -7*m = -6*m + j - 6. What is the highest common divisor of 11 and m?
1
Let p(w) = -8*w**2 + 1. Let g be p(-1). Let y = g - -16. What is the highest common divisor of 6 and y?
3
Let b = 63 + -19. Calculate the greatest common divisor of 66 and b.
22
Suppose 0*j + 4*j = 0, 0 = -4*t - 2*j + 20. Let a(y) = -y**2 - 2. Let g be a(2). Let v be (1 + g)/(5/(-15)). Calculate the greatest common divisor of t and v.
5
Suppose w = -3*m - 4, 4*w = 3*m - 2*m - 29. Let c = w + 9. What is the greatest common divisor of 16 and c?
2
Let a be (-132)/(-2 - (-4 - -3)). Calculate the highest common divisor of a and 12.
12
Suppose 6*t - 345 = 11*t. Supp